{"id":41,"date":"2019-03-12T16:35:30","date_gmt":"2019-03-12T16:35:30","guid":{"rendered":"https:\/\/jazz.macbay.net\/roxweb\/?page_id=41"},"modified":"2023-05-17T10:50:59","modified_gmt":"2023-05-17T10:50:59","slug":"information-georg-rox-jazzpiano","status":"publish","type":"page","link":"https:\/\/roxmusic.de\/roxweb\/information-georg-rox-jazzpiano\/","title":{"rendered":"info"},"content":{"rendered":"\r\n<p>\u00a0\u201eMy creed for art in general is that it should enrich the Soul ; it should teach spiritually by showing a person a portion of himself that he would not discover otherwise. ..\u2026\u201d\u00a0 \u00a0 \u00a0 \u00a0 Bill Evans\u00a0 1929 \u2013 1980\u00a0<\/p>\r\n\r\n\r\n\r\n<figure class=\"wp-block-image\"><img loading=\"lazy\" decoding=\"async\" width=\"500\" height=\"144\" class=\"wp-image-58\" src=\"https:\/\/jazz.macbay.net\/roxweb\/wp-content\/uploads\/2019\/03\/cropped-a28-500x144.jpg\" alt=\"\" srcset=\"https:\/\/roxmusic.de\/roxweb\/wp-content\/uploads\/2019\/03\/cropped-a28-500x144.jpg 500w, https:\/\/roxmusic.de\/roxweb\/wp-content\/uploads\/2019\/03\/cropped-a28-500x144-300x86.jpg 300w\" sizes=\"auto, (max-width: 500px) 100vw, 500px\" \/><\/figure>\r\n\r\n\r\n\r\n<h5 class=\"wp-block-heading\"><span style=\"background-color: #e8eaeb;\"><i>jobs als jazzpianist und lehrender :<\/i><\/span><\/h5>\r\n\r\n\r\n\r\n<pre class=\"wp-block-preformatted\"> Aktuell:<br \/>ROX TRIO, , ROX SOLO,<\/pre>\r\n\r\n\r\n\r\n<pre class=\"wp-block-preformatted\">Aktuelle ROX TRIO CD \"upper west side stories\"  bei LAIKA_Records mit Cameron Brown b, Anthony Pinciotti dr<\/pre>\r\n\r\n\r\n\r\n<p>&nbsp;<\/p>\r\n\r\n\r\n\r\n<pre class=\"wp-block-preformatted\">Pianist mit Phillipp Caillat Band , Douglas Sides Trio, Fritz Krisse Double Spaces, Ray Tischer Britt Bossa Orchestra , Martin Classen , Toni Lakatos, Mathias Wilhelm u.a.<br \/><br \/>Ansgar Specht Quartett<br \/><br \/>Dieter Hermes\/Georg Rox Quartett\/Trio\/Duo<br \/><br \/><br \/><\/pre>\r\n\r\n\r\n\r\n<pre class=\"wp-block-preformatted\">Begleitender Pianist<\/pre>\r\n\r\n\r\n\r\n<pre class=\"wp-block-preformatted\">in Fernsehshows mit Ava bei  Harald Schmidt \"Verstehen Sie Spa\u00c3\u0178\",<\/pre>\r\n\r\n\r\n\r\n<pre class=\"wp-block-preformatted\">Kleinkunst Erwin Grosche u.a.<\/pre>\r\n\r\n\r\n\r\n<pre class=\"wp-block-preformatted\">Liedbegleitung f\u00fcr die S\u00e4ngerinnen Maria Carere und Edith Murasova<\/pre>\r\n\r\n\r\n\r\n<p><strong><em>Lehrender an Hochschulen:<\/em><\/strong><\/p>\r\n\r\n\r\n\r\n<pre class=\"wp-block-preformatted\">Lehrbeauftragter f\u00fcr Jazztheorie, Geh\u00f6rbildung,  Improvisationslehre   an der Hochschule f\u00fcr K\u00fcnste Bremen seit 2003<\/pre>\r\n\r\n\r\n\r\n<pre class=\"wp-block-preformatted\">Lehrbeauftragter f\u00fcr Improvisation,\r\nJazz, Schulpraktisches Klavierspiel\r\n an der Hochschule f\u00fcr Musik  Detmold 1996-2001\r\n und seit 2013 im Fach Jazzpiano<\/pre>\r\n\r\n\r\n\r\n<h4 class=\"wp-block-heading\"><em>Instrumentallehrender:<\/em><\/h4>\r\n\r\n\r\n\r\n<pre class=\"wp-block-preformatted\">Jazzdepartment Musikschule L\u00f6hne 1984-1998<\/pre>\r\n\r\n\r\n\r\n<pre class=\"wp-block-preformatted\">Oberstufenkolleg Bielefeld an der Universit\u00e4t Bielefeld<\/pre>\r\n\r\n\r\n\r\n<h4 class=\"wp-block-heading\"><em>Ausbildung:<\/em><\/h4>\r\n\r\n\r\n\r\n<pre class=\"wp-block-preformatted\">Studium Hochschule f\u00fcr Musik Detmold Schulmusik, Klavier<\/pre>\r\n\r\n\r\n\r\n<pre class=\"wp-block-preformatted\">Jazzstudien und Workshops im In- und Ausland\r\nJazzpianostudien mit Rob Madna\r\nKlavierunterricht Wilfried Kassebaum und Karl-Heinz Bl\u00f6meke\r\n\r\nAutodidakt mit Plattenspieler Dual 33 \/ 16 U.p.M. -&gt; Otis Spann u.a. \r\nSony Taperekorder 19cm und 9,5, cm pro Sek. -&gt; Wynton Kelly u.a.\r\nAkai Taperekorder -&gt; McCoy, Miles, Chick u.a.\r\nSoftware Logic Pro X -&gt; James P. Johnson\r\nSoftware Transcribe, Anytune Pro,-&gt; :) :) :) :)<\/pre>\r\n","protected":false},"excerpt":{"rendered":"<p>\u00a0\u201eMy creed for art in general is that it should enrich the Soul ; it should teach spiritually by showing a person a portion of himself that he would not discover otherwise. ..\u2026\u201d\u00a0 \u00a0 \u00a0 \u00a0 Bill Evans\u00a0 1929 \u2013 &hellip; <a href=\"https:\/\/roxmusic.de\/roxweb\/information-georg-rox-jazzpiano\/\">Weiterlesen <span class=\"meta-nav\">&rarr;<\/span><\/a><\/p>\n","protected":false},"author":1,"featured_media":6,"parent":0,"menu_order":0,"comment_status":"closed","ping_status":"closed","template":"","meta":{"footnotes":""},"class_list":["post-41","page","type-page","status-publish","has-post-thumbnail","hentry"],"_links":{"self":[{"href":"https:\/\/roxmusic.de\/roxweb\/wp-json\/wp\/v2\/pages\/41","targetHints":{"allow":["GET"]}}],"collection":[{"href":"https:\/\/roxmusic.de\/roxweb\/wp-json\/wp\/v2\/pages"}],"about":[{"href":"https:\/\/roxmusic.de\/roxweb\/wp-json\/wp\/v2\/types\/page"}],"author":[{"embeddable":true,"href":"https:\/\/roxmusic.de\/roxweb\/wp-json\/wp\/v2\/users\/1"}],"replies":[{"embeddable":true,"href":"https:\/\/roxmusic.de\/roxweb\/wp-json\/wp\/v2\/comments?post=41"}],"version-history":[{"count":14,"href":"https:\/\/roxmusic.de\/roxweb\/wp-json\/wp\/v2\/pages\/41\/revisions"}],"predecessor-version":[{"id":221,"href":"https:\/\/roxmusic.de\/roxweb\/wp-json\/wp\/v2\/pages\/41\/revisions\/221"}],"wp:featuredmedia":[{"embeddable":true,"href":"https:\/\/roxmusic.de\/roxweb\/wp-json\/wp\/v2\/media\/6"}],"wp:attachment":[{"href":"https:\/\/roxmusic.de\/roxweb\/wp-json\/wp\/v2\/media?parent=41"}],"curies":[{"name":"wp","href":"https:\/\/api.w.org\/{rel}","templated":true}]}}